 derivative of a(l). Determine s(4).
2
Suppose 4*m - 10 = -2. Let a(h) = -h + 1. Let r(j) = j - 10. Let p(l) = m*a(l) + r(l). Suppose -4*b = 2*t + 24, 2*b + t + t = -10. Determine p(b).
-1
Let i(g) = -5*g + 21. Let f be i(4). Let m(n) = -2 + f + 3*n - 4. Determine m(5).
10
Let i be 2 - (-3 - -5 - 0). Let l be i/(-8)*1/2. Let s(w) = l*w**2 - 2 + 3*w**2 - w**3 + w**2. Determine s(4).
-2
Let h(b) be the third derivative of -1/720*b**6 + 0*b**3 + 0 + 0*b - 5*b**2 - 1/4*b**4 + 1/20*b**5. Let y(p) be the second derivative of h(p). Calculate y(-5).
11
Let n(f) = f + 2. Let o(q) = -1. Let k(i) = 2*n(i) + o(i). Let z = -7 - -15. Let d be 30/(-4)*z/10. Give k(d).
-9
Let v(o) = -o - 1. Let w = 51 + -31. Let j be (w/4 + -1)/(-1). Let s be ((-1)/j)/1*-4. Determine v(s).
0
Let d(g) = g**2 + 4*g - 7. Suppose -106 + 10 = -4*w. Suppose 33*m - 29*m = -w. Give d(m).
5
Let h(s) = 5666*s**2 - 5667*s**2 - 6 + s**3 + 26 - s. What is h(0)?
20
Let y(b) = -4*b**2 + 4*b**2 - b + b**2 - 24*b - 4 + 38*b. Determine y(-7).
-46
Let p(b) be the first derivative of b**4/4 + 2*b**3 - 7*b**2/2 - 2*b + 190. Let o = -17 + 10. Give p(o).
-2
Let b = -5212 - -5204. Suppose -s = y - 0*s - 1, 3*s = -5*y + 7. Let c(m) = 0*m**2 - 2 + 7*m - 1 + m**y. Calculate c(b).
5
Let c(g) = 4*g**2 - 2*g + 1. Let s be -2 + (4 + -7 - -5). Suppose -4*a + 5*l + 11 = s, a = -0*a + 4*l. Suppose -a*z - 1 = -5*z. Calculate c(z).
3
Let p(f) = -f**3 + f**2 - 2*f + 2. Suppose 4*k = -0*b - b + 14, 0 = 5*k + 2*b - 19. Let w(h) = -h**3 + h**2 - 3*h + 3. Let n(y) = k*p(y) - 2*w(y). Give n(-2).
12
Suppose 3*y - 3 = 3*u, 0*u - 4*y + 4 = u. Let s = u + 0. Let j(t) be the third derivative of t**4/24 + t**3 - 106*t**2. Give j(s).
6
Let k(j) = -j + 3. Let z be k(1). Suppose 0 = 3*i - z*i. Suppose -g + i*g + 3 = 0. Let x(h) = -h**3 + 3*h**2 - 5*h + 4. What is x(g)?
-11
Let o = -3 - -5. Let h be o - (-15)/(-2) - 30/20. Let c(u) = -5 + 1 - 5*u - 5 + 2*u. What is c(h)?
12
Let l = 16 + -11. Let z(o) = -l*o**3 + 10*o**3 - o**3. Calculate z(-1).
-4
Suppose a = 5*d - 201, 0*a - 2*a = -2*d + 74. Let f = d - 35. Let u(q) = -q**3 + 5*q**2 + 7*q - 9. Give u(f).
-3
Let w(p) be the third derivative of p**5/30 - p**4/6 - p**3/6 + 183*p**2. What is w(-3)?
29
Let p(d) = -d**3 + 9*d**2 - 7*d - 11. Suppose -5*c + 10 = -3*z, 3*z = -2*z - 2*c + 4. Suppose 2*j + 0*j - 16 = z. Let l be p(j). Let q(u) = u - 2. Give q(l).
-5
Let x(m) = -1 + 2*m + 1. Let u be ((-40)/50)/(-2 - 8/(-5)). Suppose 0 = -u*b - 5*g + 1, -5*b - 5*g + 2 = -8. What is x(b)?
6
Let z = 17 + -8. Suppose 17*b = 20*b - 18. Let w(p) = -3 + z*p - p**2 + b*p - 9*p. What is w(3)?
6
Let t(w) = -w**3 - 2*w**2 + 3*w. Let s(i) = -i**2 + 7*i - 6. Let j(h) = h**2 - 13*h + 11. Let b(l) = 3*j(l) + 5*s(l). Let n be b(1). Give t(n).
0
Let o(i) = -7*i**2 + i**3 - 3*i**2 - 17 + 2 + 5 - i**2. What is o(11)?
-10
Let z be 10/(-30) + 56/(-12). Let j(a) = a**3 + 4*a**2 + 8*a + 5. Calculate j(z).
-60
Let f(o) = o**3 + 6*o**2 + 4*o - 7. Let r be (2 + 4)/(((-6)/1)/6). Determine f(r).
-31
Let z(s) = 57*s - 33*s**2 + 6 - 50*s + 32*s**2. Let y be 2*(1 + 10/4). What is z(y)?
6
Let v(d) = -2*d**2 - 7*d - 11*d + 2 + 18*d - 2*d. Let z(o) = o**2 + o - 1. Let c(a) = 3*v(a) + 5*z(a). What is c(-3)?
-5
Let l = -2 + -1. Let u = -7 - l. Let v(c) be the third derivative of -c**4/24 - c**3/6 + 713*c**2. Determine v(u).
3
Let m(t) = 6*t - 2. Let a be m(1). Suppose a*b = 5*b - 4. Let k(q) = 12 - 19 + 11 - b*q. Determine k(3).
-8
Let p(o) be the third derivative of 7*o**2 + 0*o**3 + 0*o + 0 - 7/24*o**4. Let h be (-1)/(-2)*(-10)/5. Calculate p(h).
7
Let m be ((-60)/(-25))/((-2)/(-5)). Suppose m*b - 10 = b. Let l(u) = -b*u - 3*u + 5*u - 2*u - 9. What is l(-6)?
3
Let z(l) = 18*l + 18. Let j(y) = -y**2 + 4*y + 6. Let w be j(6). Let h(q) = -2*q - 2. Let x(k) = w*z(k) - 52*h(k). Calculate x(-4).
12
Let c be (-3)/(-9) - (-120)/(-36). Let g be 4/(-10) - 14/(-10). Let q(t) = g - 3*t + 3*t - 2*t. Give q(c).
7
Let r(g) = -17*g**3 - 7*g - 8*g**3 - 9*g**2 + 24*g**3 - 12. Give r(-8).
-20
Let v be (-6 - -2 - 3)*4/(-14). Let i(r) be the third derivative of -4*r**v - 2/3*r**3 + 0 + 1/8*r**4 + 0*r. What is i(4)?
8
Let i(a) be the second derivative of -a**7/1260 - a**6/144 - a**5/60 - 35*a**4/12 + 12*a. Let s(p) be the third derivative of i(p). Give s(-3).
-5
Let u(c) = -1264*c + 2 + 1 + 2530*c - 1268*c. Give u(-6).
15
Let u(n) = n**2 - 2*n + 11. Let i(g) = 2*g**2 - 6*g + 31. Let s(m) = -3*i(m) + 8*u(m). Calculate s(-5).
35
Let t(m) = -m**3 - 9*m**2 + m + 4. Suppose -3*z = -2*w - 6, -z + 38 = -4*w + 6. Determine t(w).
-5
Let z(k) be the first derivative of k**2/2 + 4*k + 147. Calculate z(-9).
-5
Let x(p) be the first derivative of p**2/2 + 11*p - 51. Calculate x(-7).
4
Let k be 11*-3*(-7)/21. Let y(f) = -2*f + 16. Give y(k).
-6
Suppose 7*m - 58 - 474 = 0. Let t(d) = -146*d + d**2 + 76*d - 6 + m*d. Determine t(-6).
-6
Let s(w) = 3*w**2 - 13*w - 10. Let b(i) = i**2 - i. Suppose 0 = 6*x - 0 + 6. Let u(y) = x*s(y) + 4*b(y). Give u(-7).
-4
Let r(t) = 12*t**3 + t**2 - 2*t + 1. Suppose -5*s + 61 = 36. Let z be ((s - 3) + -5)/(-3). What is r(z)?
12
Let g be (-12)/(-24)*1*68. Let j = -10 + g. Let d be (6/(-8))/((-3)/j). Let a(f) = 2*f - 3. What is a(d)?
9
Let x(l) be the second derivative of -1/6*l**3 + 3/2*l**2 - 43*l + 0. Determine x(-5).
8
Suppose 0 = -3*o - 6, 3*o + 17 = 5*p - 14. Let s(m) = 5*m**3 + 2*m**2 - 5*m. Let u(i) = 13*i**3 + 7*i**2 - 13*i - 1. Let f(b) = 8*s(b) - 3*u(b). Determine f(p).
-2
Let l(s) be the first derivative of s**4/4 - 5*s**3/3 + s**2/2 + 3*s + 89. Determine l(4).
-9
Let r(y) = 3 + 2912*y**2 + y**3 + 0*y - 4*y - 2909*y**2. Let u(d) = -d**3 - 5*d**2 - 3*d. Let z be u(-4). Determine r(z).
3
Let s(d) = -d**3 - 7*d**2 + d + 8. Suppose -24 - 12 = 6*c. Let r be s(c). Let i = -39 - r. Let t(w) = -w**3 - 6*w**2 - 6*w - 2. Calculate t(i).
3
Let u(r) be the third derivative of 17*r**5/60 - r**4/12 - r**3/6 - 45*r**2 - 1. Calculate u(-1).
18
Let c(p) = 6 + 4 - 5*p**2 - 1 + 4*p**2 - 3*p + 14*p. Determine c(12).
-3
Let z = 5581/60 - 93. Let y(g) be the third derivative of 1/6*g**3 + 0*g + 0*g**4 + 1/40*g**6 + 0 - z*g**5 - 9*g**2. Calculate y(1).
3
Let q(k) = 23 - 2*k - k**3 + 5*k**2 - 16 + k. Let p be q(5). Let i(j) = j - 1. What is i(p)?
1
Suppose 7*d + 35 = 12*d. Let j(f) be the third derivative of f**5/60 - f**4/4 - 3*f**3/2 + 4*f**2. What is j(d)?
-2
Let a(s) = -s**2 + 6*s - 5. Let d(x) = x + 3 - 1 + 3*x - 3*x. Let r be d(3). Give a(r).
0
Let n(j) = -j**2 - 5 - 2*j**2 - 4 - 2*j + 0*j**2. Let t(p) = -7*p**2 - 5*p - 19. Let w(q) = -9*n(q) + 4*t(q). Suppose -3*x = 25 - 10. What is w(x)?
-10
Let s(d) = -2*d + 221*d**2 + 3*d - 222*d**2. Let b(l) = l. Let n(j) = 5*b(j) + s(j). Give n(7).
-7
Let b be (-39)/(-104) + (-2)/16. Let w(t) be the third derivative of b*t**4 + 0 + 7*t**2 - 2/3*t**3 + 0*t - 1/60*t**5. Determine w(5).
1
Let r(q) = 8*q + 2. Let i(v) = -2*v - 1. Let c(z) = -5*i(z) - r(z). Calculate c(-7).
-11
Let i(k) = 4*k**3 - 2*k**2 + 1. Suppose -107*s - 10 = -97*s. Calculate i(s).
-5
Let l(b) = -2*b**3 + 13*b**2 - 7*b - 1. Let f be ((-5)/15)/(9/(-167 - -5)). Calculate l(f).
-7
Let d(n) = 3*n**3 - 15*n**2 + 10*n - 18. Let f(t) = 5*t**3 - 28*t**2 + 19*t - 33. Let w(z) = -7*d(z) + 4*f(z). Determine w(-8).
10
Let s(d) be the second derivative of d**4/12 - 4*d**3/3 - d**2 + 87*d. What is s(6)?
-14
Let n(a) = a**2 - 6*a - 1. Suppose -25 = 4*q + 3*i, 0 = -2*i + 73 - 79. What is n(q)?
39
Let i(r) = r**3 - 5*r**2 - 14*r + 2. Let y be i(7). Let d(x) = -2*x**2 + 2*x - 3. Calculate d(y).
-7
Let u(r) = -2*r**3 - r**2 + 18*r - 3. Let i(p) = p**3 - 9*p + 2. Let m(l) = 9*i(l) + 4*u(l). Calculate m(6).
24
Let q(x) be the first derivative of 3*x**2 + x - 708. Let r be 17/(2/(-2)) + 2. Let s be ((-12)/r)/((-2)/(-5)). Determine q(s).
13
Let r be (-40)/24*(0 - 3). Let p(y) = r*y - 11 - 8 + 17. Calculate p(2).
8
Let x(s) be the first derivative of 2 + 7/2*s**2 + 0*s - 1/12*s**4 + 1/3*s**3. Let b(p) be the second derivative of x(p). Determine b(6).
-10
Suppose 809*f + 56 = 802*f. Let n(h) = h**3 + 7*h**2 - 7*h + 5. Determine n(f).
-3
Let k(m) be the third derivative of -m**4/12 - m**3/6 - 17*m**2. Suppose -4*f + 8 = -f + 5*h, 0 = 5*f - 5*h. Calculate k(f).
-3
Suppose -60*p + 26 = -58*p. Let t(o) = -5*o**3 + p*o**2 + 5 + 9*o**3 - 3*o**3 + 11*o +